 common divisor of 1677 and c?
129
Suppose 95 = -6*h + 131. Suppose 3*t - 18 = -5*u, t = -4*u + 3 + 3. What is the greatest common factor of h and t?
6
Suppose 0 = -m + 3*m - 36. Let w(f) = 2*f + 22. Let o be w(m). What is the highest common divisor of 29 and o?
29
Let q(g) = -310*g**2 - 11*g - 1. Let f be q(-1). Let u be (-114)/9*(f/8)/1. What is the highest common factor of u and 25?
25
Let a(l) = 2*l**2 - 3*l - 2. Let z be a(5). Let n be 13 - ((-17)/((-51)/(-15)) + 8) - 7. What is the greatest common divisor of z and n?
3
Let g = 289 + -178. Suppose 3*k - 381 + g = 0. What is the highest common divisor of 18 and k?
18
Let i = 26 + -11. Let o = -56 - -83. Let l(c) = -c**3 + 26*c**2 + 26*c + 30. Let a be l(o). What is the highest common factor of i and a?
3
Let w(g) = g**3 - 4*g**2 - 7*g + 5. Let k be w(6). Let r = 624 + -595. Suppose -r*j = -26*j - 42. What is the greatest common factor of k and j?
7
Let t = -106 + 106. Suppose t = -2*h + 8, 4*o - 200 = -5*h + 3*h. Suppose o = 4*l + 5*d, 0 = -2*l + 5*d + 1 + 23. What is the greatest common factor of 2 and l?
2
Let x be ((-3)/(48/(-40)))/(1/2). Suppose 0 = u - x, 320 = 22*p - 18*p + 4*u. What is the highest common divisor of p and 30?
15
Suppose 0*i - 4040 = -10*i. Suppose i*k = 406*k - 336. What is the greatest common divisor of k and 84?
84
Suppose 5*r = 130 + 265. Let k = r - 61. Calculate the greatest common divisor of k and 9.
9
Suppose 88 = 3*l + 4*d, -3*d - 59 = 64*l - 68*l. Calculate the greatest common factor of l and 7190.
10
Suppose 3*x + 4*t - 642 = 0, 140 = -x - 3*t + 359. Let i = -207 + x. What is the greatest common divisor of i and 5?
1
Let g be ((-15)/(-2) - 2)/((-8)/(-16)). Let w(c) = 25*c**2 + c - 3. Let i be w(2). Suppose -4*l + 3*l = -i. Calculate the highest common factor of g and l.
11
Let k = -8291 + 8315. Calculate the greatest common divisor of k and 2220.
12
Let y = 168 + -33. Let s be y/6 + 9/(-18). Let c(i) = i**3 + i**2 - i + 11. Let d be c(0). Calculate the greatest common factor of d and s.
11
Let a(j) = j**3 - 2*j**2 + 3*j - 2. Let k be a(2). Let o be ((-4)/6)/(k/(-294)). Let s = 1187 - 1180. Calculate the highest common factor of o and s.
7
Let f = 5623 - 5051. What is the greatest common divisor of 22 and f?
22
Let z = 163 - -29. Suppose 202*y - z*y = 80. Calculate the highest common divisor of y and 472.
8
Suppose 4*r - 6*r = -310. Suppose 0 = -77*k + 72*k + 310. What is the highest common divisor of r and k?
31
Let y be -140 - (-5 - (-2 + -3)). Let b = y + 218. What is the highest common factor of 6 and b?
6
Let t = -1693 - -3149. What is the greatest common divisor of t and 84?
28
Let o = 760 - 732. What is the highest common divisor of 2506 and o?
14
Let h = 25 + -18. Let t(q) = -102*q + 9*q - 6 + h - 5*q. Let o be t(-1). Calculate the greatest common divisor of 11 and o.
11
Let z(t) = -t**3 - 7*t**2 - 4*t + 280. Let h be z(0). Let n be 42/(-15)*320/(-4). What is the greatest common divisor of n and h?
56
Suppose -5*s - 4*y = -5547, 4*s - 4837 = -2*y - 397. What is the greatest common factor of s and 101?
101
Suppose -24*h = -1046 - 3826. Calculate the greatest common divisor of 29 and h.
29
Suppose 4*q - 2*h = 1948, -3*q + 541 = 5*h - 959. Calculate the highest common factor of q and 20.
10
Let x = -4 + 7. Let u be (-1)/((90/(-24))/(-15)). Let k be x*(1 + u + 5). What is the highest common divisor of 2 and k?
2
Let p be 25 + -6 + 6 + -5. Suppose -2*q - 17 = -i, 23*i + 4*q - 31 = p*i. Suppose 624 = g + 2*g. What is the greatest common divisor of i and g?
13
Let t be 4/((-5)/(-15*40) - 0). Let a = t + -452. What is the highest common divisor of a and 826?
14
Suppose v = 5*m + 6, 4*v = 5*v - 4*m - 7. Suppose -186 = -v*p - 54. Calculate the greatest common divisor of 1536 and p.
12
Let x(h) = 3*h + 52. Let t be x(-13). Let b = -512 - -837. What is the greatest common factor of b and t?
13
Let j = -301 - -621. Let m = j + -236. Calculate the greatest common divisor of m and 1260.
84
Suppose 0 = -v - 51 + 36. Let l(k) = 2*k**3 + 30*k**2 - k + 21. Let z be l(v). Let i be 1 + -3 - (-51 - -1). What is the highest common divisor of i and z?
12
Suppose 0 = -3*f - 2*f + d + 20, 0 = -2*f + 3*d - 5. Let j be 5/(f/6) + -3. Let q = j - -27. Calculate the greatest common factor of 10 and q.
10
Let h(p) = -86*p - 57. Let r be h(-3). Let n = 215 - r. What is the highest common factor of 126 and n?
14
Let z be (-246)/(-4) - (-8)/16. Let w = 125 + z. What is the highest common factor of 11 and w?
11
Suppose 7*f - 3*f + 830 = 5*q, 2*q - 4 = 0. Let v = 218 + f. What is the greatest common divisor of v and 832?
13
Let d(b) = b**3 - 26*b**2 + 186*b - 98. Let y be d(13). Calculate the greatest common factor of y and 31980.
123
Suppose -3*r - 2*s + 31 = 0, s = 4*r + r - 69. Suppose 8*n - 10*n = 5*g - r, -2*n = -4*g - 4. What is the greatest common divisor of g and 8?
1
Let k(o) = -o**2 - 10*o + 6. Let t be k(-10). Suppose -232 = -t*h - 1180. Let n = 13 - h. What is the highest common factor of n and 19?
19
Let d be 8*-1*(657/2628 + 9/(-2)). Let m be 2376/10 + 4/10. What is the highest common factor of d and m?
34
Suppose 5*q - 24 - 1 = 0. Let x be (-34)/2*(q - 8). What is the highest common factor of x and 204?
51
Suppose 0 = 42*q - 36*q + 18. Let v(k) = 2*k**2 + 10*k + 25. Let z be v(q). Suppose 148 = 15*s - z*s. Calculate the greatest common factor of s and 37.
37
Let j = -43 - -45. Let y be (1/j - -1)*1704/36. What is the greatest common divisor of 1 and y?
1
Let b(l) = 121*l + 2527. Let u be b(-19). Calculate the highest common divisor of 1159 and u.
19
Let n = 537 + -357. Let r = n - 84. Suppose -23*z + 517 + 35 = 0. What is the highest common factor of r and z?
24
Suppose 5*k + 3*x = -26, -66 + 56 = 5*x. Let d be (-4)/(-22) - ((-3948)/66 - k). Calculate the greatest common factor of d and 126.
14
Let z be 109286/3 + 348/(-522). What is the greatest common factor of 28 and z?
28
Let c(p) = 2*p. Let y(f) = 5*f - 23. Let x(q) = -3*c(q) - y(q). Let k be x(2). Let g be 4/10 + (-18)/(-5). Calculate the greatest common factor of g and k.
1
Suppose -1542 = 6*y - 2676. Calculate the greatest common factor of 35 and y.
7
Let v be (3 + 1)*1/(4/20). Suppose v*k + 225 = 25*k. Let t = k + -13. Calculate the highest common divisor of 128 and t.
32
Let m be 397/(-1191) + 1226/6. Calculate the highest common factor of m and 2397.
51
Suppose 15*q - 36*q + 12*q + 5184 = 0. Calculate the highest common divisor of q and 1224.
72
Let x be -14*(-66)/77 - -6. Calculate the highest common divisor of x and 4338.
18
Let u be (5 - 27/9) + (0 - 8). Let q(g) = -2*g**2 - 21*g - 38. Let r be q(u). Calculate the greatest common divisor of 112 and r.
16
Let i(g) = 53*g**2 - 461*g - 100. Let r be i(9). Let q(t) = -81*t - 2. Let h be q(-6). What is the greatest common divisor of r and h?
44
Let s be (-2 + 1 + -1)/((-7)/1890). Suppose 0*v = -4*v + 16, -m - 2*v + s = 0. Suppose 6*d - 8*d + m = 0. Calculate the greatest common divisor of 38 and d.
38
Let c(q) = q**3 + 3*q**2 - 4*q - 2. Let m be c(-2). Calculate the greatest common divisor of m and 75.
5
Suppose -220 = -25*x + 158 + 1972. Calculate the highest common factor of 8178 and x.
94
Suppose -70*r = -60*r + 2680. Let v = 671 + r. What is the greatest common factor of v and 31?
31
Let f be 43 + (-2 - (-21)/7). Suppose -m = m - f. Calculate the greatest common factor of m and 143.
11
Let v(b) = b**2 + 9*b. Let s be v(-10). Suppose -s*a - 18*a = -3192. What is the highest common divisor of a and 152?
38
Let o = 1347 - 969. Calculate the greatest common factor of o and 2352.
42
Let f be (58 - 28/4) + -1 + (2 - -2). Calculate the highest common factor of f and 1404.
54
Let d = 99 + -24. Suppose 1103 = 42*r + 53. What is the highest common factor of r and d?
25
Suppose 0 = -0*i - 67*i + 7437. What is the highest common factor of i and 259?
37
Suppose -25*s - 62530 = -62*s. Calculate the greatest common factor of s and 60.
10
Let a be (-8)/(-44) - 14812092/(-737). Calculate the greatest common divisor of a and 26.
26
Let l = 82 - 73. Suppose -2*h - 5 = -0*o - 3*o, -3*h + l = o. Let y be (4 + 3 + -4)*1. What is the highest common factor of h and y?
1
Let s = -4871 - -7353. What is the greatest common divisor of 544 and s?
34
Suppose 4*o + 3*r = -1367, 2*r - 